when g is divided by c?
12
Suppose 0*q = 4*q + 20. Let a(c) = -c**3 - 5*c**2 - 8*c - 8. Calculate the remainder when 62 is divided by a(q).
30
Suppose 0 = -3*t + 4*l + 266, -5*t + 3*t + 5*l = -189. Suppose 0 = -128*h + 130*h + 112. Let k = t + h. Calculate the remainder when 77 is divided by k.
25
Let a(k) = 2*k**3 - 4*k**2 + 2*k. Let i be a(2). Suppose q - 6 = 2*j + i, 5*j = 3*q - 25. Let w = 6 - q. Calculate the remainder when 23 is divided by w.
5
Calculate the remainder when 1*5 - (0 + 0) is divided by (-4)/(-4)*(2 - 0).
1
Let f = 6 - 8. Let w = 8 - f. Let q(u) = u**2 - 10*u + 5. Calculate the remainder when q(12) is divided by w.
9
Let v(l) = -6*l**3 + l**2 - 2*l - 3. Suppose 3*y - 6 = 24. What is the remainder when y is divided by v(-1)?
4
Suppose f + 2*f = 12. Suppose -3*g + f = -11. Suppose 2*o + 9 = 5*o. Calculate the remainder when g is divided by o.
2
Suppose -3*j + 2*l = -50, 0 = -j + 5*l - 2 - 3. What is the remainder when j is divided by 11?
9
Suppose 11 = -2*b - 5*r, -3*b - b + 38 = -2*r. What is the remainder when 20 is divided by b?
6
Suppose -19 - 5 = -3*n. Calculate the remainder when 15 is divided by n.
7
Let j(a) = 4*a - 9. Calculate the remainder when j(4) is divided by 3.
1
Suppose -c - 20 = -3*i + i, 2*c + 28 = 3*i. What is the remainder when 83 is divided by i?
11
Suppose 17 = 6*w - 1. Calculate the remainder when 11 is divided by w.
2
Suppose 0 = -3*g + o + 132, 4*g + g - 220 = 4*o. What is the remainder when g is divided by 12?
8
Suppose -4*v + 0*v = -2*u + 8, -3*v = -3*u + 21. What is the remainder when 30 is divided by u?
0
Suppose -4*b - 13 = -249. Calculate the remainder when b is divided by 21.
17
Let h = 2 + 0. Suppose 6*u - 35 = 3*u + 4*t, 0 = -h*t + 8. Calculate the remainder when 50 is divided by u.
16
Suppose 5*r = 5*d - 31 - 699, -3*r = 4*d - 584. Suppose 2*y + 5*z - 19 = 60, -d = -3*y - 2*z. What is the remainder when y is divided by 14?
10
Let s(i) = 4*i**2 + i. Calculate the remainder when s(4) is divided by 23.
22
Suppose 3*f - 180 = -3*w + 288, -153 = -w - 4*f. What is the remainder when w is divided by 16?
13
Suppose -5*s - 5*l = -315, -s + 13 = 5*l - 58. Suppose 25 - 151 = -6*w. What is the remainder when s is divided by w?
19
Let p(b) = -5*b**3 - b**2 - b - 1. Suppose 4*r - 41 = 15. What is the remainder when r is divided by p(-1)?
2
Suppose -5*d + 40 = -150. Let y(n) = n**2 + 3*n - 5. Suppose 0 = 5*c + 3*w + 24, -2*w = -4*c - 0*w - 28. What is the remainder when d is divided by y(c)?
12
Let n = -13 + 32. Calculate the remainder when 74 is divided by n.
17
Calculate the remainder when (-1)/1 + 22 + 2 is divided by 6.
5
Let l = -8 - -8. Suppose 26 + 24 = 4*t - 2*w, l = 3*w + 3. What is the remainder when 45 is divided by t?
9
Suppose r - 4*g = -0*r + 43, 36 = r + 3*g. What is the remainder when 116 is divided by r?
38
Suppose 0 = 3*s + 4*y - 9, -4*s + 3*y = -s - 9. Suppose -s*f = -r + 4, 0*f - 4*f + 5*r + 13 = 0. Let x = f - -5. What is the remainder when 5 is divided by x?
1
Let l(s) = s**2 - 9. Let z be (-6)/5*(-20)/(-6). What is the remainder when 13 is divided by l(z)?
6
Suppose 18 = 2*s + 4*b, 2*s - 3*b = -4*b + 3. Calculate the remainder when 42 is divided by 22/5*s*-5.
20
Let i = -12 + 17. Suppose 5*u + 303 = -2*p, 0*u - 462 = 3*p + i*u. Calculate the remainder when 32 is divided by (-2)/3 - p/9.
15
Let n(b) = 2*b**2 + 6*b + 9. Calculate the remainder when 26 is divided by n(-4).
9
Let c(l) = l**2 - l - 2. Let k = -6 + 8. What is the remainder when c(-2) is divided by k?
0
Suppose -4*h + 4 = -324. Let k = h - 35. What is the remainder when k is divided by 16?
15
Suppose 2*t + 12 = 6*t. Suppose -42*d + 4 = -41*d. Calculate the remainder when d is divided by t.
1
Let s = -96 - -113. What is the remainder when 27 is divided by s?
10
Let i be (1 + -2)/(1/(-11)). Let v = -1 + -2. Let y = v + i. What is the remainder when y is divided by 3?
2
Suppose 0 = 10*a - 9*a - 4. What is the remainder when 12 is divided by a?
0
Suppose -s + 9 - 2 = 0. What is the remainder when 12 is divided by s?
5
Let j = 79 + -62. Calculate the remainder when 56 is divided by j.
5
Let a(x) = -2*x**3 - 5*x**2 - 5*x - 4. Suppose 0 = -2*t - 2*l + 4*l + 150, 0 = 2*t + 2*l - 158. Calculate the remainder when t is divided by a(-3).
17
Suppose 27 = 8*k + 3. Calculate the remainder when 11 is divided by k.
2
Let r = 68 + -61. What is the remainder when 27 is divided by r?
6
Let p(m) = m + 17. Let b be -3 + -10 - 2 - -3. Calculate the remainder when 17 is divided by p(b).
2
Suppose -5*d - 26 + 226 = 0. What is the remainder when 35 is divided by -1 + 1/(4/d)?
8
Let i be 183/(-21) + (-4)/14. Suppose 3*j - 10 = 5. Calculate the remainder when 3/((-2)/(48/i)) is divided by j.
3
Suppose 2*r + 2*i - 10 = -0*i, i = 0. Suppose 0 = -5*w + 4*o + 89, 0 = -4*w + w + o + 52. What is the remainder when w is divided by r?
2
Suppose 2*w + 3*a - 12 = 0, 6*w - 4*w = 3*a + 24. Calculate the remainder when 34 is divided by w.
7
Let l = 6 - 4. Let n(q) = q**2 + q - 1. Let z(g) = 3*g - 4. Calculate the remainder when z(6) is divided by n(l).
4
Suppose 3*t = -5*k + 38, -67 = -5*t - 2*k + 9. Let x = t + -7. Calculate the remainder when 17 is divided by x.
8
Let o(x) = -13*x - 6. Calculate the remainder when o(-4) is divided by 10.
6
Let z(t) = t**2 - 4*t - 8. Calculate the remainder when 14 is divided by z(6).
2
Let g = 3 - 0. Suppose 152 = n + g*n. What is the remainder when n is divided by 10?
8
Let h be 15/2*(-12)/(-9). What is the remainder when 61 + 0 - (-7 + h) is divided by 30?
28
Let y = -19 - -13. Let a = y + 19. What is the remainder when ((-1)/3)/((-2)/222) is divided by a?
11
Suppose 0 = w - 5 - 20. What is the remainder when w is divided by 9?
7
Let l(o) = o**2 - 2*o - 5. Let j be l(4). Suppose 5*s + j = 13. Calculate the remainder when s is divided by 2.
0
Suppose -p + 2*s = p - 18, -s = -3*p + 17. Suppose -n = -3*n + p. What is the remainder when 27 is divided by -1 - n/((-4)/30)?
13
Suppose 7*r - 4*r = 105. What is the remainder when r is divided by (-4)/8 - 25/(-2)?
11
Let n be 0/((-1)/(2/4)). Suppose n = 5*q - 65 - 50. Suppose -q = -3*i + 19. Calculate the remainder when i is divided by 8.
6
Let x = -35 + 49. Let l be (0 - -10) + -6 + 5. What is the remainder when x is divided by ((-48)/l)/(4/(-6))?
6
Suppose -5*s + 13 = 2*w - 42, 4*w - 92 = -4*s. What is the remainder when w is divided by 140/10*2/4?
6
Let w(a) = -a**3 + 24*a**2 - 24*a + 31. Calculate the remainder when 15 is divided by w(23).
7
Suppose 0 = 5*a + 4*t - 15, -2*t + t + 9 = -4*a. Let w = a - -13. Calculate the remainder when 21 is divided by w.
9
Let n = -6 + 8. Let t(g) = g**3 - g**2. Let b be t(n). Suppose -3*o = -b*o + 46. What is the remainder when o is divided by 16?
14
Let p = -40 - -59. Calculate the remainder when -1 + 0 + 5 - -51 is divided by p.
17
Let d = 3 + 0. Suppose s - d*h + 61 = 5*s, s - 4 = -3*h. What is the remainder when s is divided by 10?
9
Let q(h) = 9*h**3. Let j be q(1). Let x = -4 + j. Calculate the remainder when 14 is divided by x.
4
Let n(t) be the second derivative of t**3/3 - t. Calculate the remainder when 14 is divided by n(4).
6
Let i(o) = o**3 - 6*o**2 + 4*o - 9. What is the remainder when 23 is divided by i(6)?
8
Let s = -10 + 6. Let j(t) = -t**3 - 4*t**2 - 5*t - 2. What is the remainder when 49 is divided by j(s)?
13
Calculate the remainder when (-5 + (4 - 0))*-6 is divided by 5.
1
Let q(j) = j**3 - 7*j**2 - 8*j + 11. Calculate the remainder when q(8) is divided by 7.
4
Let p(j) = 3*j**3 + j**2 - 2. Suppose -4*a + 4*s = -32, -a = -8*s + 6*s - 9. What is the remainder when p(2) is divided by a?
5
Calculate the remainder when 117 is divided by 11 - 12 - -18*1.
15
Let n = -7 - -11. Let i(q) = -q - 4. Let w = -1 + -6. Calculate the remainder when n is divided by i(w).
1
Suppose 0*x + 4*x = 40. Calculate the remainder when (-2)/(-6) + 112/6 is divided by x.
9
Let r be ((-66)/8)/(3/(-12)). Suppose 3*i - 15 - r = 2*h, -2*i - 10 = h. Let g = -13 - h. What is the remainder when g is divided by 2?
1
Let j(h) = -h + 9. Let g = 6 + 0. What is the remainder when 10 is divided by j(g)?
1
Let f(m) = m**3 + m + 31. Let y = 126 - 110. Calculate the remainder when f(0) is divided by y.
15
Suppose 0 = 4*o + 3*u - 2*u - 9, 3*o - 3*u - 18 = 0. Calcul